
191
Let h(y) = 2*y**2 - 4*y + 6. Let l be h(3). What are the prime factors of (-2)/(-6)*(l/2 - -63)?
23
Let z be ((-5)/(-2))/((-11)/110). List the prime factors of ((-130)/(-4))/(z/(-50)).
5, 13
Let g = 15120 + -8790. What are the prime factors of g?
2, 3, 5, 211
Suppose -4*q - 5*o = q + 20, 2*q + 23 = -5*o. What are the prime factors of 10/25*50/q?
2, 5
Let b(t) = 290*t. Let i = 114 - 113. What are the prime factors of b(i)?
2, 5, 29
Let a = 59 + -16. Suppose -45*j = -a*j - 78. What are the prime factors of j?
3, 13
Let a be (12/3 - 3) + -1. Suppose -j - 736 = -5*p, -j = 5*p - 6*j - 720. Suppose 0 = -3*z - a*z + 3*s + 111, -4*z + p = 5*s. What are the prime factors of z?
37
Let s(d) = -2*d**2 + 90*d - 13. What are the prime factors of s(31)?
3, 5, 19
Let d = -43 - -76. Let y be 10/(-95) - 1215/(-171). Let l = y + d. What are the prime factors of l?
2, 5
List the prime factors of (-279)/(-18)*6*8.
2, 3, 31
Let a be -32 + (8 + 1)/3. Let x = a - -75. List the prime factors of x.
2, 23
Suppose -4*l - 2*i = -i - 1, -4*l + 2*i = -10. Let r be 35*(30/21)/l. Suppose -3*h - 5*u = -4*h + r, 5*h = 2*u + 204. What are the prime factors of h?
2, 5
Let j(k) = 7*k**2 + 10. Let u be j(-2). Suppose 0 = -b - 5*l + 65, 3*l - 69 = -b + 4. Let z = b - u. What are the prime factors of z?
47
Let p be 2/(-7) - 1660/(-28). Let c = -39 + p. List the prime factors of c.
2, 5
Let a(y) = y - 5. Let n be a(0). Let f = n - 35. What are the prime factors of 6/4*f/(-12)?
5
Let q(x) = 553*x**2 + 10*x + 8. List the prime factors of q(-1).
19, 29
Let g be (3/3)/1 - -1. Suppose 9 = 3*u, 3*w + 15 = g*w + 3*u. Let k = 10 + w. What are the prime factors of k?
2
Suppose 5*j - 5*c - 60 + 15 = 0, -4*j - 9 = 5*c. What are the prime factors of (-10)/j*5/(125/(-140))?
2, 7
Let g(y) = -45*y + 381. List the prime factors of g(-24).
3, 487
Let r(b) = -b**3 + 5*b**2 + 6*b + 2. Let o be r(6). Let j(y) = y**3 - y**2 - 2*y + 2. Let z be j(o). Suppose z*k - 7 = 7. List the prime factors of k.
7
Suppose 2106 = 16*u + 10*u. List the prime factors of u.
3
Suppose -29034 = -36*c + 27774. What are the prime factors of c?
2, 3, 263
Let u(g) be the third derivative of g**5/20 - g**4/4 - 4*g**3/3 - g**2. What are the prime factors of u(-4)?
2
Suppose -6*f - 430 = -1336. List the prime factors of f.
151
Let d(n) be the third derivative of n**4/24 + 5*n**3 + 15*n**2. List the prime factors of d(-10).
2, 5
Let y(m) = -2*m**3 - 3*m**2 + 2*m - 2. Let z = -98 - -93. What are the prime factors of y(z)?
163
Let y = 398 + -400. Let s(n) be the third derivative of -n**6/40 - n**5/20 - n**4/12 - n**3/2 - n**2. List the prime factors of s(y).
13
Let r = 448 - 84. Suppose 2*m = -2*c + 164, 0*c + r = 4*m - 5*c. What are the prime factors of m?
2, 43
Suppose -15*g + 12*g = 0. Suppose g*y - 232 = 4*y. Let j = -25 - y. List the prime factors of j.
3, 11
Let u = -6 + 2. Let k be (0 - 3)/3*2. What are the prime factors of 28 - (u + -1 - k)?
31
Let t = 637 - 444. List the prime factors of t.
193
Let l(t) = -t**3 + 5*t**2 + 4*t + 2. Suppose 3*f - 12 = -3. Let w = 8 - f. List the prime factors of l(w).
2, 11
Suppose 20 = 4*w, -w - 4*w = 4*n - 1005. List the prime factors of n.
5, 7
Let v = -149 - -158. What are the prime factors of v/((-18)/(-596)) + 0?
2, 149
Suppose -56 = 5*n - 851. Suppose -495 = -6*m + n. What are the prime factors of m?
109
Suppose 16*u = 14*u + 278. What are the prime factors of u?
139
Let m(j) = 2*j**2 + 14*j - 69. List the prime factors of m(7).
127
Let y(i) = -i**3 + 8*i**2 - 6*i + 2. Suppose 0 = l - 3 - 0, 0 = 3*j - l + 3. Let a = j + 7. What are the prime factors of y(a)?
3
Let f(m) = 2*m**2 - 12*m - 6. Let a = 133 + -142. List the prime factors of f(a).
2, 3, 11
Let x(d) = 7 - 1 + 1 - 3 - 9*d. List the prime factors of x(-9).
5, 17
Let i(v) = -6*v**2 + 21*v**2 - 14*v**2 + 9 + 9*v + 1. Let t be i(-8). Suppose 0*s - t*s + 70 = 0. What are the prime factors of s?
5, 7
Let k = 1087 - 506. List the prime factors of k.
7, 83
Let x(i) = -3099*i**3 + 3*i**2 - 2*i - 3. List the prime factors of x(-1).
7, 443
Suppose -305 + 4720 = 5*l - 5*b, -891 = -l + 3*b. Let i = l + -562. List the prime factors of i.
317
Let p = -30 - -33. Suppose p*g - 40 = -g. List the prime factors of g.
2, 5
Let a(o) = -13*o**3 + 6*o**2 + 14*o - 27. List the prime factors of a(-7).
2, 13, 89
Let l(v) = -v**3 + 3*v**2 - v - 1. Let c be l(3). Let p = c + 109. What are the prime factors of p?
3, 5, 7
Let j(h) be the first derivative of h**4 - h**3/3 + h**2 - h + 3. Let o be j(1). List the prime factors of (o - 12)*(-10)/8.
2, 5
Let d(b) = 2*b - 15. Let v be d(9). What are the prime factors of v/81*2721 + 4/18?
101
Let t be 11 + 1 + (6 - 6). Let d(o) = 6*o + 2 - 7*o - 11*o + o**2. What are the prime factors of d(t)?
2
What are the prime factors of (-2 - -1)*4110/(-90)*36?
2, 3, 137
Let j(p) = -73*p - 39. What are the prime factors of j(-8)?
5, 109
Let z(t) be the second derivative of -13*t**4/3 - t**3/2 - 3*t**2/2 + 4*t. Let i be z(-1). List the prime factors of i*1*3/(-6).
2, 13
Suppose -c = 6*c - 3430. List the prime factors of c.
2, 5, 7
Let v(j) = 77*j**3 - 4*j**2 - 2*j + 9. Let f be v(2). Suppose -f = -7*p + 403. List the prime factors of p.
2, 3
Let w(l) = 3*l**2 - 14*l - 9. What are the prime factors of w(11)?
2, 5
Let c = 3355 + -2158. List the prime factors of c.
3, 7, 19
Let r be (-1)/((-1)/(-32)*4). Let m = 8 + r. Suppose m*s = -4*s + 76. List the prime factors of s.
19
Suppose 4*z - 14348 = -2*x, 7*z - 3*z + 5*x - 14354 = 0. List the prime factors of z.
2, 11, 163
Let q be (1/(-4))/(1/(-8)). Suppose t - q = 0, 4*k - 5*k = t + 1. What are the prime factors of ((-3)/(-2))/(k/(-30))?
3, 5
Let i = 87 + -84. Suppose 0 = 2*p + p - 12. Suppose -2*q + 6*m + 38 = i*m, 0 = 2*m - p. List the prime factors of q.
2, 11
Let d(a) = 4*a - a + 58 - 4 + 29. List the prime factors of d(0).
83
Let s(c) = -c + 7*c**2 - 3*c**2 - 1 + c. Let j be 3/(-6)*-10 + 12/(-4). List the prime factors of s(j).
3, 5
Suppose -3*l = -94 + 19. Suppose 3*h - l - 50 = 5*z, -5*h = -5*z - 115. Let d = -10 + h. List the prime factors of d.
2, 5
Let g(v) = v**3 + 2*v**2 - 42*v - 15. List the prime factors of g(8).
17
Let c(i) = 3*i. Let h be c(-4). Let x be h/30 - 4/(-10). Suppose -4*s + 0*s + 124 = x. What are the prime factors of s?
31
What are the prime factors of 3/((-84)/(-9289)) - 9/12?
331
Suppose 0 = 2*y - 2*d - 192, -y + 3*d = -82 - 24. Let p = y - 54. What are the prime factors of 9/(-3) - (-4 - p)?
2, 19
Let f(r) = 3*r**2 + 1. Let x be f(-1). Suppose -4*l + 13 = -4*p + 1, l - x*p = -3. Let z(i) = 7*i - 3. What are the prime factors of z(l)?
2
Let q(z) = -55*z - 10. List the prime factors of q(-3).
5, 31
Let h(f) = f**2 - 20*f - 36. Let y(m) = -m + 1. Let b(s) = -h(s) - 3*y(s). What are the prime factors of b(22)?
5, 11
What are the prime factors of (56/(-35))/((3 + -2)/(-40))?
2
Suppose -4*p + n = 4, -2*p + 4*p + 2 = -3*n. Let v be (-3 + 3 - 68)/p. Suppose q + q = 4*s + v, -q + s + 36 = 0. List the prime factors of q.
2, 19
Let q = -14 + 106. List the prime factors of q.
2, 23
Let l(i) = -217*i + 103. List the prime factors of l(-19).
2, 2113
Let r = -579 + 1869. What are the prime factors of r?
2, 3, 5, 43
Suppose -12*y = -817 - 203. List the prime factors of y.
5, 17
Let g(j) = -j + 14. Let v be g(13). Let h(p) = 28*p + 4. List the prime factors of h(v).
2
Let u be 20/(-8)*4/(-5). Let m be 0 - -3*(-4)/(-6). Suppose m*y + u*j = 72, y - 2*j = -3*y + 126. What are the prime factors of y?
3, 11
Let d = 5116 + -2940. List the prime factors of d.
2, 17
Let q be (33/15 - 2) + 28/10. Suppose -3*x = -x + 5*n - 278, -q*x + 422 = 5*n. List the prime factors of x.
2, 3
Let z be (-710)/15 + (-2)/(-6). Let h = z - -81. Suppose h = -4*c + 254. List the prime factors of c.
5, 11
Suppose 9*o - 6110 = -4*o. List the prime factors of o.
2, 5, 47
Let h = 80 - 43. Suppose -2*o = -5*d + 139, -5*o = -d - 0*d + h. Let v = d + -15. What are the prime factors of v?
2, 3
Suppose t - l = 0, 2*t + 3*t - 14 = -2*l. Suppose 4*k - 3*v - 2 = 1, -t*k - 2*v - 2 = 0. Suppose k = -2*s - 3*s + 120. What are the prime factors of s?
2, 3
Suppose -44*a - 5652 = -56*a. What are the prime factors of a?
3, 157
Suppose -11*a - 805 = -4*n - 8*a, 810 = 4*n - 2*a. What are the prime factors of n?